{"id":1430,"date":"2016-07-12T11:00:26","date_gmt":"2016-07-12T14:00:26","guid":{"rendered":"https:\/\/www.reabilitar.org.br\/ceir\/wp-content\/uploads\/2016\/07\/Jo\u00e3o-Guilherme-aguarda-diagn\u00f3stico-de-microcefalia-e-S\u00edndrome-de-Down.jpg"},"modified":"2016-07-12T11:00:26","modified_gmt":"2016-07-12T14:00:26","slug":"joao-guilherme-aguarda-diagnostico-de-microcefalia-e-sindrome-de-down","status":"inherit","type":"attachment","link":"https:\/\/www.reabilitar.org.br\/ceir\/joao-guilherme-aguarda-diagnostico-de-microcefalia-e-sindrome-de-down\/","title":{"rendered":"Jo\u00e3o Guilherme aguarda diagn\u00f3stico de microcefalia e S\u00edndrome de Down"},"author":2,"comment_status":"open","ping_status":"closed","template":"","meta":[],"acf":[],"description":{"rendered":"<p class=\"attachment\"><a href='https:\/\/www.reabilitar.org.br\/ceir\/wp-content\/uploads\/2016\/07\/Jo\u00e3o-Guilherme-aguarda-diagn\u00f3stico-de-microcefalia-e-S\u00edndrome-de-Down.jpg'><img width=\"300\" height=\"199\" src=\"https:\/\/www.reabilitar.org.br\/ceir\/wp-content\/uploads\/2016\/07\/Jo\u00e3o-Guilherme-aguarda-diagn\u00f3stico-de-microcefalia-e-S\u00edndrome-de-Down-300x199.jpg\" class=\"attachment-medium size-medium\" alt=\"\" loading=\"lazy\" srcset=\"https:\/\/www.reabilitar.org.br\/ceir\/wp-content\/uploads\/2016\/07\/Jo\u00e3o-Guilherme-aguarda-diagn\u00f3stico-de-microcefalia-e-S\u00edndrome-de-Down-300x199.jpg 300w, https:\/\/www.reabilitar.org.br\/ceir\/wp-content\/uploads\/2016\/07\/Jo\u00e3o-Guilherme-aguarda-diagn\u00f3stico-de-microcefalia-e-S\u00edndrome-de-Down-768x511.jpg 768w, https:\/\/www.reabilitar.org.br\/ceir\/wp-content\/uploads\/2016\/07\/Jo\u00e3o-Guilherme-aguarda-diagn\u00f3stico-de-microcefalia-e-S\u00edndrome-de-Down-1024x681.jpg 1024w\" sizes=\"(max-width: 300px) 100vw, 300px\" \/><\/a><\/p>\n"},"caption":{"rendered":""},"alt_text":"","media_type":"image","mime_type":"image\/jpeg","media_details":{"width":3008,"height":2000,"file":"2016\/07\/Jo\u00e3o-Guilherme-aguarda-diagn\u00f3stico-de-microcefalia-e-S\u00edndrome-de-Down.jpg","sizes":{"thumbnail":{"file":"Jo\u00e3o-Guilherme-aguarda-diagn\u00f3stico-de-microcefalia-e-S\u00edndrome-de-Down-150x150.jpg","width":150,"height":150,"mime_type":"image\/jpeg","source_url":"https:\/\/www.reabilitar.org.br\/ceir\/wp-content\/uploads\/2016\/07\/Jo\u00e3o-Guilherme-aguarda-diagn\u00f3stico-de-microcefalia-e-S\u00edndrome-de-Down-150x150.jpg"},"medium":{"file":"Jo\u00e3o-Guilherme-aguarda-diagn\u00f3stico-de-microcefalia-e-S\u00edndrome-de-Down-300x199.jpg","width":300,"height":199,"mime_type":"image\/jpeg","source_url":"https:\/\/www.reabilitar.org.br\/ceir\/wp-content\/uploads\/2016\/07\/Jo\u00e3o-Guilherme-aguarda-diagn\u00f3stico-de-microcefalia-e-S\u00edndrome-de-Down-300x199.jpg"},"medium_large":{"file":"Jo\u00e3o-Guilherme-aguarda-diagn\u00f3stico-de-microcefalia-e-S\u00edndrome-de-Down-768x511.jpg","width":768,"height":511,"mime_type":"image\/jpeg","source_url":"https:\/\/www.reabilitar.org.br\/ceir\/wp-content\/uploads\/2016\/07\/Jo\u00e3o-Guilherme-aguarda-diagn\u00f3stico-de-microcefalia-e-S\u00edndrome-de-Down-768x511.jpg"},"large":{"file":"Jo\u00e3o-Guilherme-aguarda-diagn\u00f3stico-de-microcefalia-e-S\u00edndrome-de-Down-1024x681.jpg","width":1024,"height":681,"mime_type":"image\/jpeg","source_url":"https:\/\/www.reabilitar.org.br\/ceir\/wp-content\/uploads\/2016\/07\/Jo\u00e3o-Guilherme-aguarda-diagn\u00f3stico-de-microcefalia-e-S\u00edndrome-de-Down-1024x681.jpg"},"full":{"file":"Jo\u00e3o-Guilherme-aguarda-diagn\u00f3stico-de-microcefalia-e-S\u00edndrome-de-Down.jpg","width":3008,"height":2000,"mime_type":"image\/jpeg","source_url":"https:\/\/www.reabilitar.org.br\/ceir\/wp-content\/uploads\/2016\/07\/Jo\u00e3o-Guilherme-aguarda-diagn\u00f3stico-de-microcefalia-e-S\u00edndrome-de-Down.jpg"}},"image_meta":{"aperture":"5.3","credit":"","camera":"NIKON D3200","caption":"","created_timestamp":"1419736857","copyright":"","focal_length":"44","iso":"3200","shutter_speed":"0.008","title":"","orientation":"0","keywords":[]}},"post":null,"source_url":"https:\/\/www.reabilitar.org.br\/ceir\/wp-content\/uploads\/2016\/07\/Jo\u00e3o-Guilherme-aguarda-diagn\u00f3stico-de-microcefalia-e-S\u00edndrome-de-Down.jpg","_links":{"self":[{"href":"https:\/\/www.reabilitar.org.br\/ceir\/wp-json\/wp\/v2\/media\/1430"}],"collection":[{"href":"https:\/\/www.reabilitar.org.br\/ceir\/wp-json\/wp\/v2\/media"}],"about":[{"href":"https:\/\/www.reabilitar.org.br\/ceir\/wp-json\/wp\/v2\/types\/attachment"}],"author":[{"embeddable":true,"href":"https:\/\/www.reabilitar.org.br\/ceir\/wp-json\/wp\/v2\/users\/2"}],"replies":[{"embeddable":true,"href":"https:\/\/www.reabilitar.org.br\/ceir\/wp-json\/wp\/v2\/comments?post=1430"}]}}

https://www.reabilitar.org.br/ceir/wp-content/uploads/2016/07/João-Guilherme-aguarda-diagnóstico-de-microcefalia-e-Síndrome-de-Down.jpg

João Guilherme aguarda diagnóstico de microcefalia e Síndrome de Down

<p class="attachment"><a href='https://www.reabilitar.org.br/ceir/wp-content/uploads/2016/07/João-Guilherme-aguarda-diagnóstico-de-microcefalia-e-Síndrome-de-Down.jpg'><img width="300" height="199" src="https://www.reabilitar.org.br/ceir/wp-content/uploads/2016/07/João-Guilherme-aguarda-diagnóstico-de-microcefalia-e-Síndrome-de-Down-300x199.jpg" class="attachment-medium size-medium" alt="" loading="lazy" srcset="https://www.reabilitar.org.br/ceir/wp-content/uploads/2016/07/João-Guilherme-aguarda-diagnóstico-de-microcefalia-e-Síndrome-de-Down-300x199.jpg 300w, https://www.reabilitar.org.br/ceir/wp-content/uploads/2016/07/João-Guilherme-aguarda-diagnóstico-de-microcefalia-e-Síndrome-de-Down-768x511.jpg 768w, https://www.reabilitar.org.br/ceir/wp-content/uploads/2016/07/João-Guilherme-aguarda-diagnóstico-de-microcefalia-e-Síndrome-de-Down-1024x681.jpg 1024w" sizes="(max-width: 300px) 100vw, 300px" /></a></p>

2016/07/João-Guilherme-aguarda-diagnóstico-de-microcefalia-e-Síndrome-de-Down.jpg

João-Guilherme-aguarda-diagnóstico-de-microcefalia-e-Síndrome-de-Down-150x150.jpg

https://www.reabilitar.org.br/ceir/wp-content/uploads/2016/07/João-Guilherme-aguarda-diagnóstico-de-microcefalia-e-Síndrome-de-Down-150x150.jpg

João-Guilherme-aguarda-diagnóstico-de-microcefalia-e-Síndrome-de-Down-300x199.jpg

https://www.reabilitar.org.br/ceir/wp-content/uploads/2016/07/João-Guilherme-aguarda-diagnóstico-de-microcefalia-e-Síndrome-de-Down-300x199.jpg

João-Guilherme-aguarda-diagnóstico-de-microcefalia-e-Síndrome-de-Down-768x511.jpg

https://www.reabilitar.org.br/ceir/wp-content/uploads/2016/07/João-Guilherme-aguarda-diagnóstico-de-microcefalia-e-Síndrome-de-Down-768x511.jpg

João-Guilherme-aguarda-diagnóstico-de-microcefalia-e-Síndrome-de-Down-1024x681.jpg

https://www.reabilitar.org.br/ceir/wp-content/uploads/2016/07/João-Guilherme-aguarda-diagnóstico-de-microcefalia-e-Síndrome-de-Down-1024x681.jpg

João-Guilherme-aguarda-diagnóstico-de-microcefalia-e-Síndrome-de-Down.jpg
