{"id":3222,"date":"2017-01-10T10:56:39","date_gmt":"2017-01-10T13:56:39","guid":{"rendered":"https:\/\/www.reabilitar.org.br\/ceir\/wp-content\/uploads\/2017\/01\/Culto-de-A\u00e7\u00e3o-de-Gra\u00e7as-no-Ceir-2.jpg"},"modified":"2017-01-10T10:56:39","modified_gmt":"2017-01-10T13:56:39","slug":"culto-de-acao-de-gracas-no-ceir-2-2","status":"inherit","type":"attachment","link":"https:\/\/www.reabilitar.org.br\/ceir\/natal\/culto-de-acao-de-gracas-no-ceir-2-2\/","title":{"rendered":"Culto de A\u00e7\u00e3o de Gra\u00e7as no Ceir (2)"},"author":2,"comment_status":"open","ping_status":"closed","template":"","meta":[],"acf":[],"description":{"rendered":"<p class=\"attachment\"><a href='https:\/\/www.reabilitar.org.br\/ceir\/wp-content\/uploads\/2017\/01\/Culto-de-A\u00e7\u00e3o-de-Gra\u00e7as-no-Ceir-2.jpg'><img width=\"300\" height=\"191\" src=\"https:\/\/www.reabilitar.org.br\/ceir\/wp-content\/uploads\/2017\/01\/Culto-de-A\u00e7\u00e3o-de-Gra\u00e7as-no-Ceir-2-300x191.jpg\" class=\"attachment-medium size-medium\" alt=\"\" loading=\"lazy\" srcset=\"https:\/\/www.reabilitar.org.br\/ceir\/wp-content\/uploads\/2017\/01\/Culto-de-A\u00e7\u00e3o-de-Gra\u00e7as-no-Ceir-2-300x191.jpg 300w, https:\/\/www.reabilitar.org.br\/ceir\/wp-content\/uploads\/2017\/01\/Culto-de-A\u00e7\u00e3o-de-Gra\u00e7as-no-Ceir-2-768x489.jpg 768w, https:\/\/www.reabilitar.org.br\/ceir\/wp-content\/uploads\/2017\/01\/Culto-de-A\u00e7\u00e3o-de-Gra\u00e7as-no-Ceir-2-1024x652.jpg 1024w, https:\/\/www.reabilitar.org.br\/ceir\/wp-content\/uploads\/2017\/01\/Culto-de-A\u00e7\u00e3o-de-Gra\u00e7as-no-Ceir-2.jpg 1645w\" sizes=\"(max-width: 300px) 100vw, 300px\" \/><\/a><\/p>\n"},"caption":{"rendered":""},"alt_text":"","media_type":"image","mime_type":"image\/jpeg","media_details":{"width":1645,"height":1047,"file":"2017\/01\/Culto-de-A\u00e7\u00e3o-de-Gra\u00e7as-no-Ceir-2.jpg","sizes":{"thumbnail":{"file":"Culto-de-A\u00e7\u00e3o-de-Gra\u00e7as-no-Ceir-2-150x150.jpg","width":150,"height":150,"mime_type":"image\/jpeg","source_url":"https:\/\/www.reabilitar.org.br\/ceir\/wp-content\/uploads\/2017\/01\/Culto-de-A\u00e7\u00e3o-de-Gra\u00e7as-no-Ceir-2-150x150.jpg"},"medium":{"file":"Culto-de-A\u00e7\u00e3o-de-Gra\u00e7as-no-Ceir-2-300x191.jpg","width":300,"height":191,"mime_type":"image\/jpeg","source_url":"https:\/\/www.reabilitar.org.br\/ceir\/wp-content\/uploads\/2017\/01\/Culto-de-A\u00e7\u00e3o-de-Gra\u00e7as-no-Ceir-2-300x191.jpg"},"medium_large":{"file":"Culto-de-A\u00e7\u00e3o-de-Gra\u00e7as-no-Ceir-2-768x489.jpg","width":768,"height":489,"mime_type":"image\/jpeg","source_url":"https:\/\/www.reabilitar.org.br\/ceir\/wp-content\/uploads\/2017\/01\/Culto-de-A\u00e7\u00e3o-de-Gra\u00e7as-no-Ceir-2-768x489.jpg"},"large":{"file":"Culto-de-A\u00e7\u00e3o-de-Gra\u00e7as-no-Ceir-2-1024x652.jpg","width":1024,"height":652,"mime_type":"image\/jpeg","source_url":"https:\/\/www.reabilitar.org.br\/ceir\/wp-content\/uploads\/2017\/01\/Culto-de-A\u00e7\u00e3o-de-Gra\u00e7as-no-Ceir-2-1024x652.jpg"},"full":{"file":"Culto-de-A\u00e7\u00e3o-de-Gra\u00e7as-no-Ceir-2.jpg","width":1645,"height":1047,"mime_type":"image\/jpeg","source_url":"https:\/\/www.reabilitar.org.br\/ceir\/wp-content\/uploads\/2017\/01\/Culto-de-A\u00e7\u00e3o-de-Gra\u00e7as-no-Ceir-2.jpg"}},"image_meta":{"aperture":"5.6","credit":"","camera":"NIKON D3200","caption":"","created_timestamp":"1342462734","copyright":"","focal_length":"55","iso":"3200","shutter_speed":"0.0125","title":"","orientation":"0","keywords":[]}},"post":3216,"source_url":"https:\/\/www.reabilitar.org.br\/ceir\/wp-content\/uploads\/2017\/01\/Culto-de-A\u00e7\u00e3o-de-Gra\u00e7as-no-Ceir-2.jpg","_links":{"self":[{"href":"https:\/\/www.reabilitar.org.br\/ceir\/wp-json\/wp\/v2\/media\/3222"}],"collection":[{"href":"https:\/\/www.reabilitar.org.br\/ceir\/wp-json\/wp\/v2\/media"}],"about":[{"href":"https:\/\/www.reabilitar.org.br\/ceir\/wp-json\/wp\/v2\/types\/attachment"}],"author":[{"embeddable":true,"href":"https:\/\/www.reabilitar.org.br\/ceir\/wp-json\/wp\/v2\/users\/2"}],"replies":[{"embeddable":true,"href":"https:\/\/www.reabilitar.org.br\/ceir\/wp-json\/wp\/v2\/comments?post=3222"}]}}

https://www.reabilitar.org.br/ceir/wp-content/uploads/2017/01/Culto-de-Ação-de-Graças-no-Ceir-2.jpg

Culto de Ação de Graças no Ceir (2)

<p class="attachment"><a href='https://www.reabilitar.org.br/ceir/wp-content/uploads/2017/01/Culto-de-Ação-de-Graças-no-Ceir-2.jpg'><img width="300" height="191" src="https://www.reabilitar.org.br/ceir/wp-content/uploads/2017/01/Culto-de-Ação-de-Graças-no-Ceir-2-300x191.jpg" class="attachment-medium size-medium" alt="" loading="lazy" srcset="https://www.reabilitar.org.br/ceir/wp-content/uploads/2017/01/Culto-de-Ação-de-Graças-no-Ceir-2-300x191.jpg 300w, https://www.reabilitar.org.br/ceir/wp-content/uploads/2017/01/Culto-de-Ação-de-Graças-no-Ceir-2-768x489.jpg 768w, https://www.reabilitar.org.br/ceir/wp-content/uploads/2017/01/Culto-de-Ação-de-Graças-no-Ceir-2-1024x652.jpg 1024w, https://www.reabilitar.org.br/ceir/wp-content/uploads/2017/01/Culto-de-Ação-de-Graças-no-Ceir-2.jpg 1645w" sizes="(max-width: 300px) 100vw, 300px" /></a></p>

2017/01/Culto-de-Ação-de-Graças-no-Ceir-2.jpg

Culto-de-Ação-de-Graças-no-Ceir-2-150x150.jpg

https://www.reabilitar.org.br/ceir/wp-content/uploads/2017/01/Culto-de-Ação-de-Graças-no-Ceir-2-150x150.jpg

Culto-de-Ação-de-Graças-no-Ceir-2-300x191.jpg

https://www.reabilitar.org.br/ceir/wp-content/uploads/2017/01/Culto-de-Ação-de-Graças-no-Ceir-2-300x191.jpg

Culto-de-Ação-de-Graças-no-Ceir-2-768x489.jpg

https://www.reabilitar.org.br/ceir/wp-content/uploads/2017/01/Culto-de-Ação-de-Graças-no-Ceir-2-768x489.jpg

Culto-de-Ação-de-Graças-no-Ceir-2-1024x652.jpg

https://www.reabilitar.org.br/ceir/wp-content/uploads/2017/01/Culto-de-Ação-de-Graças-no-Ceir-2-1024x652.jpg

Culto-de-Ação-de-Graças-no-Ceir-2.jpg
