{"id":107,"date":"2016-03-28T00:39:44","date_gmt":"2016-03-28T00:39:44","guid":{"rendered":"https:\/\/www.reabilitar.org.br\/ceir\/?page_id=107"},"modified":"2022-04-18T12:01:29","modified_gmt":"2022-04-18T15:01:29","slug":"associacao-reabilitar","status":"publish","type":"page","link":"https:\/\/www.reabilitar.org.br\/ceir\/associacao-reabilitar\/","title":{"rendered":"Associa\u00e7\u00e3o Reabilitar"},"content":{"rendered":"<p style=\"text-align: justify;\"><img loading=\"lazy\" class=\"size-medium wp-image-761 alignright\" src=\"https:\/\/www.reabilitar.org.br\/ceir\/wp-content\/uploads\/2016\/03\/Logo-Reabilitar-300x216.jpg\" alt=\"Logo Reabilitar\" width=\"300\" height=\"216\" srcset=\"https:\/\/www.reabilitar.org.br\/ceir\/wp-content\/uploads\/2016\/03\/Logo-Reabilitar-300x216.jpg 300w, https:\/\/www.reabilitar.org.br\/ceir\/wp-content\/uploads\/2016\/03\/Logo-Reabilitar.jpg 396w\" sizes=\"(max-width: 300px) 100vw, 300px\" \/><\/p>\n<hr \/>\n<p style=\"text-align: justify;\">A <span style=\"color: #008000;\"><a style=\"color: #008000;\" href=\"http:\/\/www.reabilitar.org.br\/\" target=\"_blank\" rel=\"noopener\">Associa\u00e7\u00e3o Reabilitar<\/a><\/span> \u00e9 uma sociedade civil, com personalidade jur\u00eddica de direito privado, sem fins lucrativos, de interesse coletivo, qualificada como organiza\u00e7\u00e3o social, reconhecida como entidade de utilidade p\u00fablica e de interesse social.<\/p>\n<p style=\"text-align: justify;\">\u00c9 respons\u00e1vel pela <span style=\"color: #008000;\"><a style=\"color: #008000;\" href=\"https:\/\/www.reabilitar.org.br\/ceir\/como-fazemos\/\" target=\"_blank\" rel=\"noopener\">administra\u00e7\u00e3o<\/a><\/span> do nosso Centro por meio de contrato de gest\u00e3o com o Governo do Estado e formada por 16 integrantes, entre representantes do Governo e da sociedade civil organizada.<\/p>\n<hr \/>\n<p style=\"text-align: justify;\"><strong>Vis\u00e3o<\/strong><\/p>\n<p style=\"text-align: justify;\">Servir de modelo e refer\u00eancia para todo o territ\u00f3rio nacional, buscando a expans\u00e3o do empreendimento, atrav\u00e9s de um crescimento sustent\u00e1vel, objetivando excel\u00eancia na qualidade de atendimento, minimiza\u00e7\u00e3o dos custos, otimiza\u00e7\u00e3o dos resultados, focando efici\u00eancia, efic\u00e1cia e efetividade na \u00e1rea de sa\u00fade p\u00fablica e especificamente, na reabilita\u00e7\u00e3o, para um per\u00edodo de at\u00e9 cinco anos.<\/p>\n<hr \/>\n<p style=\"text-align: justify;\"><strong>Miss\u00e3o<\/strong><\/p>\n<p style=\"text-align: justify;\">Promover a\u00e7\u00f5es assistenciais e atendimento de excel\u00eancia, nas \u00e1reas de aten\u00e7\u00e3o \u00e0 sa\u00fade e da inclus\u00e3o social de pessoas com defici\u00eancia e\/ou necessidades especiais, atrav\u00e9s da habilita\u00e7\u00e3o, da reabilita\u00e7\u00e3o e da readapta\u00e7\u00e3o para o bem estar e melhoria da qualidade de vida da sociedade.<\/p>\n<hr \/>\n<p style=\"text-align: right;\"><strong><span style=\"color: #ff0000;\">+ <a style=\"color: #ff0000;\" href=\"https:\/\/www.reabilitar.org.br\/ceir\/tag\/associacao-reabilitar\/\" target=\"_blank\" rel=\"noopener\">Not\u00edcias<\/a><\/span><\/strong><\/p>\n<hr \/>\n<hr \/>\n<p style=\"text-align: justify;\"><strong>COMPOSI\u00c7\u00c3O<\/strong><\/p>\n<hr \/>\n<hr \/>\n<p><strong>Diretoria:<\/strong><\/p>\n<p>Benjamim Pessoa Vale (Presidente)<\/p>\n<p>Maria Margareth Rodrigues dos Santos (Vice-Presidente)<\/p>\n<p>Flor\u00eancio Ribeiro Paz Neto (Primeiro Secret\u00e1rio)<\/p>\n<p>Jos\u00e9 Flamarion Moura do Vale (segundo secret\u00e1rio)<\/p>\n<p>Ad\u00e3o de Castro Souza (Primeiro Tesoureiro)<\/p>\n<p>Dlany Katariny da Costa Frota (Segunda Tesoureira)<\/p>\n<hr \/>\n<hr \/>\n<p><strong>Conselho de Administra\u00e7\u00e3o:<\/strong><\/p>\n<p>Francisco Jos\u00e9 Lima (Presidente)<\/p>\n<p>Tatiana Vieira Souza Chaves<\/p>\n<p>Aldu\u00edna Rego Monteiro<\/p>\n<p>Avelyno Medeiros da Silva Filho<\/p>\n<p>Cl\u00e1udia Maria de Macedo Claudino<\/p>\n<p>Evandro Nogueira Barros Filho<\/p>\n<p>Maria Eleonora Pereira S\u00e1<\/p>\n<p>Maria do Amparo de Sousa Alves<\/p>\n<p>Raimundo Nonato Campos Sousa<\/p>\n<p>Mauro Eduardo Cardoso e Silva<\/p>\n<hr \/>\n<hr \/>\n<p><strong>Conselho Fiscal:<\/strong><\/p>\n<p>Carlos Alberto Linhares de Ara\u00fajo<\/p>\n<p>Maria das Gra\u00e7as Cavalcante Nogueira<\/p>\n<p>Jo\u00e3o da Cruz Sousa Neto<\/p>\n<hr \/>\n<hr \/>\n<p><strong>Suplentes:<\/strong><\/p>\n<p>Maria do Socorro Barbosa Ribeiro<\/p>\n<p>Neide Maria Viana de Sousa Ribeiro<\/p>\n<p>Telmo Gomes Mesquita<\/p>\n<hr \/>\n<hr \/>\n<p><strong>S\u00f3cios-Fundadores:<\/strong><\/p>\n<p>Benjamim Pessoa Vale<\/p>\n<p>Isanio Vasconcelos Mesquita<\/p>\n<p>Maria Ester Ibiapina Mendes de Carvalho<\/p>\n<p>Telmo Gomes Mesquita<\/p>\n<p>Walter de Sousa Oliveira<\/p>\n<p>Mauro Eduardo e Silva<\/p>\n<p>M\u00e9ssia P\u00e1dua Almeida Bandeira<\/p>\n<p>L\u00facia Helena Almeida<\/p>\n<p>Francisco Jos\u00e9 Lima<\/p>\n<p>Arquimedes Cavalcante Cardoso<\/p>\n<hr \/>\n<hr \/>\n<p><strong>S\u00f3cios-Benem\u00e9ritos:<\/strong><\/p>\n<p>Josu\u00e9 Ribeiro Gon\u00e7alves do Nascimento<\/p>\n<p>Yvana Dantas e Melo<\/p>\n<p>Rejane Ribeiro Sousa Dias<\/p>\n","protected":false},"excerpt":{"rendered":"<p>A Associa\u00e7\u00e3o Reabilitar \u00e9 uma sociedade civil, com personalidade jur\u00eddica de direito privado, sem fins lucrativos, de interesse coletivo, qualificada como organiza\u00e7\u00e3o social, reconhecida como entidade de utilidade p\u00fablica e de interesse social. \u00c9 respons\u00e1vel pela administra\u00e7\u00e3o do nosso Centro por meio de contrato de gest\u00e3o com o Governo do Estado e formada por 16 [&hellip;]<\/p>\n","protected":false},"author":2,"featured_media":0,"parent":0,"menu_order":0,"comment_status":"closed","ping_status":"closed","template":"","meta":[],"acf":[],"_links":{"self":[{"href":"https:\/\/www.reabilitar.org.br\/ceir\/wp-json\/wp\/v2\/pages\/107"}],"collection":[{"href":"https:\/\/www.reabilitar.org.br\/ceir\/wp-json\/wp\/v2\/pages"}],"about":[{"href":"https:\/\/www.reabilitar.org.br\/ceir\/wp-json\/wp\/v2\/types\/page"}],"author":[{"embeddable":true,"href":"https:\/\/www.reabilitar.org.br\/ceir\/wp-json\/wp\/v2\/users\/2"}],"replies":[{"embeddable":true,"href":"https:\/\/www.reabilitar.org.br\/ceir\/wp-json\/wp\/v2\/comments?post=107"}],"version-history":[{"count":22,"href":"https:\/\/www.reabilitar.org.br\/ceir\/wp-json\/wp\/v2\/pages\/107\/revisions"}],"predecessor-version":[{"id":12940,"href":"https:\/\/www.reabilitar.org.br\/ceir\/wp-json\/wp\/v2\/pages\/107\/revisions\/12940"}],"wp:attachment":[{"href":"https:\/\/www.reabilitar.org.br\/ceir\/wp-json\/wp\/v2\/media?parent=107"}],"curies":[{"name":"wp","href":"https:\/\/api.w.org\/{rel}","templated":true}]}}