{"id":191,"date":"2016-03-28T00:57:04","date_gmt":"2016-03-28T00:57:04","guid":{"rendered":"https:\/\/www.reabilitar.org.br\/ceir\/?page_id=191"},"modified":"2022-11-23T10:40:19","modified_gmt":"2022-11-23T13:40:19","slug":"atendimento-multiprofissional","status":"publish","type":"page","link":"https:\/\/www.reabilitar.org.br\/ceir\/atendimento-multiprofissional\/","title":{"rendered":"Atendimento Multiprofissional"},"content":{"rendered":"<hr \/>\n<p style=\"text-align: center;\"><em>Trabalhamos para fazer a diferen\u00e7a na vida de milhares de pessoas com defici\u00eancia e tornar realidade o que muitos certamente duvidaram ser poss\u00edvel um dia.<\/em><\/p>\n<hr \/>\n\n\t\t<style type=\"text\/css\">\n\t\t\t#gallery-1 {\n\t\t\t\tmargin: auto;\n\t\t\t}\n\t\t\t#gallery-1 .gallery-item {\n\t\t\t\tfloat: left;\n\t\t\t\tmargin-top: 10px;\n\t\t\t\ttext-align: center;\n\t\t\t\twidth: 20%;\n\t\t\t}\n\t\t\t#gallery-1 img {\n\t\t\t\tborder: 2px solid #cfcfcf;\n\t\t\t}\n\t\t\t#gallery-1 .gallery-caption {\n\t\t\t\tmargin-left: 0;\n\t\t\t}\n\t\t\t\/* see gallery_shortcode() in wp-includes\/media.php *\/\n\t\t<\/style>\n\t\t<div id='gallery-1' class='gallery galleryid-191 gallery-columns-5 gallery-size-thumbnail'><dl class='gallery-item'>\n\t\t\t<dt class='gallery-icon landscape'>\n\t\t\t\t<a href='https:\/\/www.reabilitar.org.br\/ceir\/atendimento-multiprofissional\/11250080_840139289354432_7394679372434504658_n\/'><img width=\"150\" height=\"150\" src=\"https:\/\/www.reabilitar.org.br\/ceir\/wp-content\/uploads\/2016\/03\/11250080_840139289354432_7394679372434504658_n-150x150.jpg\" class=\"attachment-thumbnail size-thumbnail\" alt=\"\" loading=\"lazy\" \/><\/a>\n\t\t\t<\/dt><\/dl><dl class='gallery-item'>\n\t\t\t<dt class='gallery-icon landscape'>\n\t\t\t\t<a href='https:\/\/www.reabilitar.org.br\/ceir\/atendimento-multiprofissional\/11026024_781205685247793_9069343369181285185_n\/'><img width=\"150\" height=\"150\" src=\"https:\/\/www.reabilitar.org.br\/ceir\/wp-content\/uploads\/2016\/03\/11026024_781205685247793_9069343369181285185_n-150x150.jpg\" class=\"attachment-thumbnail size-thumbnail\" alt=\"\" loading=\"lazy\" \/><\/a>\n\t\t\t<\/dt><\/dl><dl class='gallery-item'>\n\t\t\t<dt class='gallery-icon landscape'>\n\t\t\t\t<a href='https:\/\/www.reabilitar.org.br\/ceir\/atendimento-multiprofissional\/13100948_965257080175985_3741561727536991475_n\/'><img width=\"150\" height=\"150\" src=\"https:\/\/www.reabilitar.org.br\/ceir\/wp-content\/uploads\/2016\/03\/13100948_965257080175985_3741561727536991475_n-150x150.jpg\" class=\"attachment-thumbnail size-thumbnail\" alt=\"\" loading=\"lazy\" \/><\/a>\n\t\t\t<\/dt><\/dl><dl class='gallery-item'>\n\t\t\t<dt class='gallery-icon landscape'>\n\t\t\t\t<a href='https:\/\/www.reabilitar.org.br\/ceir\/atendimento-multiprofissional\/13174114_969963216372038_3058254024531055863_n\/'><img width=\"150\" height=\"150\" src=\"https:\/\/www.reabilitar.org.br\/ceir\/wp-content\/uploads\/2016\/03\/13174114_969963216372038_3058254024531055863_n-150x150.jpg\" class=\"attachment-thumbnail size-thumbnail\" alt=\"\" loading=\"lazy\" \/><\/a>\n\t\t\t<\/dt><\/dl><dl class='gallery-item'>\n\t\t\t<dt class='gallery-icon landscape'>\n\t\t\t\t<a href='https:\/\/www.reabilitar.org.br\/ceir\/atendimento-multiprofissional\/13254170_980185028683190_8870827959431202358_n-2\/'><img width=\"150\" height=\"150\" src=\"https:\/\/www.reabilitar.org.br\/ceir\/wp-content\/uploads\/2016\/03\/13254170_980185028683190_8870827959431202358_n-150x150.jpg\" class=\"attachment-thumbnail size-thumbnail\" alt=\"\" loading=\"lazy\" \/><\/a>\n\t\t\t<\/dt><\/dl><br style=\"clear: both\" \/><dl class='gallery-item'>\n\t\t\t<dt class='gallery-icon landscape'>\n\t\t\t\t<a href='https:\/\/www.reabilitar.org.br\/ceir\/atendimento-multiprofissional\/13346623_985534584814901_3423401596664427007_n-2\/'><img width=\"150\" height=\"150\" src=\"https:\/\/www.reabilitar.org.br\/ceir\/wp-content\/uploads\/2016\/03\/13346623_985534584814901_3423401596664427007_n-150x150.jpg\" class=\"attachment-thumbnail size-thumbnail\" alt=\"\" loading=\"lazy\" \/><\/a>\n\t\t\t<\/dt><\/dl><dl class='gallery-item'>\n\t\t\t<dt class='gallery-icon landscape'>\n\t\t\t\t<a href='https:\/\/www.reabilitar.org.br\/ceir\/atendimento-multiprofissional\/13892392_1024664840901875_8561842189863807489_n-2\/'><img width=\"150\" height=\"150\" src=\"https:\/\/www.reabilitar.org.br\/ceir\/wp-content\/uploads\/2016\/03\/13892392_1024664840901875_8561842189863807489_n-1-150x150.jpg\" class=\"attachment-thumbnail size-thumbnail\" alt=\"\" loading=\"lazy\" \/><\/a>\n\t\t\t<\/dt><\/dl><dl class='gallery-item'>\n\t\t\t<dt class='gallery-icon landscape'>\n\t\t\t\t<a href='https:\/\/www.reabilitar.org.br\/ceir\/atendimento-multiprofissional\/13903442_1024661374235555_7020833484118157263_n\/'><img width=\"150\" height=\"150\" src=\"https:\/\/www.reabilitar.org.br\/ceir\/wp-content\/uploads\/2016\/03\/13903442_1024661374235555_7020833484118157263_n-150x150.jpg\" class=\"attachment-thumbnail size-thumbnail\" alt=\"\" loading=\"lazy\" \/><\/a>\n\t\t\t<\/dt><\/dl><dl class='gallery-item'>\n\t\t\t<dt class='gallery-icon landscape'>\n\t\t\t\t<a href='https:\/\/www.reabilitar.org.br\/ceir\/atendimento-multiprofissional\/musicoterapia-2\/'><img width=\"150\" height=\"150\" src=\"https:\/\/www.reabilitar.org.br\/ceir\/wp-content\/uploads\/2016\/03\/Musicoterapia-1-150x150.jpg\" class=\"attachment-thumbnail size-thumbnail\" alt=\"\" loading=\"lazy\" \/><\/a>\n\t\t\t<\/dt><\/dl><dl class='gallery-item'>\n\t\t\t<dt class='gallery-icon landscape'>\n\t\t\t\t<a href='https:\/\/www.reabilitar.org.br\/ceir\/atendimento-multiprofissional\/pedagogia-2\/'><img width=\"150\" height=\"150\" src=\"https:\/\/www.reabilitar.org.br\/ceir\/wp-content\/uploads\/2016\/03\/Pedagogia-1-150x150.jpg\" class=\"attachment-thumbnail size-thumbnail\" alt=\"\" loading=\"lazy\" \/><\/a>\n\t\t\t<\/dt><\/dl><br style=\"clear: both\" \/>\n\t\t<\/div>\n\n<hr \/>\n<p style=\"text-align: justify;\">A cada dia, nossos colaboradores se dedicam a dar qualidade de vida a quem nunca pensou que poderia dar um passo sozinho, muito menos ter uma vida independente.<\/p>\n<p style=\"text-align: justify;\">Em nosso Centro, pessoas com defici\u00eancia contam com atendimentos especializados em v\u00e1rias \u00e1reas de habilita\u00e7\u00e3o, reabilita\u00e7\u00e3o e readapta\u00e7\u00e3o.<\/p>\n<p style=\"text-align: justify;\">Com uma equipe multidisciplinar, nosso programa de reabilita\u00e7\u00e3o conta com um atendimento multiprofissional que inclui como terapias a fisioterapia, fonoaudiologia, servi\u00e7o social, psicologia, pedagogia, arte-reabilita\u00e7\u00e3o, musicoterapia, terapia ocupacional e hidroterapia.<\/p>\n<p style=\"text-align: justify;\">Nossos espa\u00e7os contam com uma estrutura e equipamentos modernos, com consult\u00f3rios e salas de terapias, tr\u00eas piscinas, uma quadra poliesportiva e um audit\u00f3rio.<\/p>\n<hr \/>\n<p style=\"text-align: center;\"><span style=\"color: #0000ff;\"><b>Para mais informa\u00e7\u00f5es e esclarecimentos:<\/b><\/span><\/p>\n<p style=\"text-align: center;\"><span style=\"color: #0000ff;\"><b>(86) 3198-1500 ou <b>ceir@ceir.org.br<\/b><\/b><\/span><\/p>\n<hr \/>\n<p style=\"text-align: center;\">Estamos localizados na Avenida Higino Cunha, N\u00ba 1515, no Bairro Ilhotas, em Teresina \u2013 Piau\u00ed.<\/p>\n<hr \/>\n<h6><\/h6>\n<hr \/>\n<p>&nbsp;<\/p>\n","protected":false},"excerpt":{"rendered":"<p>Trabalhamos para fazer a diferen\u00e7a na vida de milhares de pessoas com defici\u00eancia e tornar realidade o que muitos certamente duvidaram ser poss\u00edvel um dia. A cada dia, nossos colaboradores se dedicam a dar qualidade de vida a quem nunca pensou que poderia dar um passo sozinho, muito menos ter uma vida independente. Em nosso [&hellip;]<\/p>\n","protected":false},"author":2,"featured_media":0,"parent":0,"menu_order":0,"comment_status":"closed","ping_status":"closed","template":"","meta":[],"acf":[],"_links":{"self":[{"href":"https:\/\/www.reabilitar.org.br\/ceir\/wp-json\/wp\/v2\/pages\/191"}],"collection":[{"href":"https:\/\/www.reabilitar.org.br\/ceir\/wp-json\/wp\/v2\/pages"}],"about":[{"href":"https:\/\/www.reabilitar.org.br\/ceir\/wp-json\/wp\/v2\/types\/page"}],"author":[{"embeddable":true,"href":"https:\/\/www.reabilitar.org.br\/ceir\/wp-json\/wp\/v2\/users\/2"}],"replies":[{"embeddable":true,"href":"https:\/\/www.reabilitar.org.br\/ceir\/wp-json\/wp\/v2\/comments?post=191"}],"version-history":[{"count":24,"href":"https:\/\/www.reabilitar.org.br\/ceir\/wp-json\/wp\/v2\/pages\/191\/revisions"}],"predecessor-version":[{"id":13108,"href":"https:\/\/www.reabilitar.org.br\/ceir\/wp-json\/wp\/v2\/pages\/191\/revisions\/13108"}],"wp:attachment":[{"href":"https:\/\/www.reabilitar.org.br\/ceir\/wp-json\/wp\/v2\/media?parent=191"}],"curies":[{"name":"wp","href":"https:\/\/api.w.org\/{rel}","templated":true}]}}

<hr />
<p style="text-align: center;"><em>Trabalhamos para fazer a diferença na vida de milhares de pessoas com deficiência e tornar realidade o que muitos certamente duvidaram ser possível um dia.</em></p>
<hr />

		<style type="text/css">
			#gallery-1 {
				margin: auto;
			}
			#gallery-1 .gallery-item {
				float: left;
				margin-top: 10px;
				text-align: center;
				width: 20%;
			}
			#gallery-1 img {
				border: 2px solid #cfcfcf;
			}
			#gallery-1 .gallery-caption {
				margin-left: 0;
			}
			/* see gallery_shortcode() in wp-includes/media.php */
		</style>
		<div id='gallery-1' class='gallery galleryid-191 gallery-columns-5 gallery-size-thumbnail'><dl class='gallery-item'>
			<dt class='gallery-icon landscape'>
				<a href='https://www.reabilitar.org.br/ceir/atendimento-multiprofissional/11250080_840139289354432_7394679372434504658_n/'><img width="150" height="150" src="https://www.reabilitar.org.br/ceir/wp-content/uploads/2016/03/11250080_840139289354432_7394679372434504658_n-150x150.jpg" class="attachment-thumbnail size-thumbnail" alt="" loading="lazy" /></a>
			</dt></dl><dl class='gallery-item'>
			<dt class='gallery-icon landscape'>
				<a href='https://www.reabilitar.org.br/ceir/atendimento-multiprofissional/11026024_781205685247793_9069343369181285185_n/'><img width="150" height="150" src="https://www.reabilitar.org.br/ceir/wp-content/uploads/2016/03/11026024_781205685247793_9069343369181285185_n-150x150.jpg" class="attachment-thumbnail size-thumbnail" alt="" loading="lazy" /></a>
			</dt></dl><dl class='gallery-item'>
			<dt class='gallery-icon landscape'>
				<a href='https://www.reabilitar.org.br/ceir/atendimento-multiprofissional/13100948_965257080175985_3741561727536991475_n/'><img width="150" height="150" src="https://www.reabilitar.org.br/ceir/wp-content/uploads/2016/03/13100948_965257080175985_3741561727536991475_n-150x150.jpg" class="attachment-thumbnail size-thumbnail" alt="" loading="lazy" /></a>
			</dt></dl><dl class='gallery-item'>
			<dt class='gallery-icon landscape'>
				<a href='https://www.reabilitar.org.br/ceir/atendimento-multiprofissional/13174114_969963216372038_3058254024531055863_n/'><img width="150" height="150" src="https://www.reabilitar.org.br/ceir/wp-content/uploads/2016/03/13174114_969963216372038_3058254024531055863_n-150x150.jpg" class="attachment-thumbnail size-thumbnail" alt="" loading="lazy" /></a>
			</dt></dl><dl class='gallery-item'>
			<dt class='gallery-icon landscape'>
				<a href='https://www.reabilitar.org.br/ceir/atendimento-multiprofissional/13254170_980185028683190_8870827959431202358_n-2/'><img width="150" height="150" src="https://www.reabilitar.org.br/ceir/wp-content/uploads/2016/03/13254170_980185028683190_8870827959431202358_n-150x150.jpg" class="attachment-thumbnail size-thumbnail" alt="" loading="lazy" /></a>
			</dt></dl><br style="clear: both" /><dl class='gallery-item'>
			<dt class='gallery-icon landscape'>
				<a href='https://www.reabilitar.org.br/ceir/atendimento-multiprofissional/13346623_985534584814901_3423401596664427007_n-2/'><img width="150" height="150" src="https://www.reabilitar.org.br/ceir/wp-content/uploads/2016/03/13346623_985534584814901_3423401596664427007_n-150x150.jpg" class="attachment-thumbnail size-thumbnail" alt="" loading="lazy" /></a>
			</dt></dl><dl class='gallery-item'>
			<dt class='gallery-icon landscape'>
				<a href='https://www.reabilitar.org.br/ceir/atendimento-multiprofissional/13892392_1024664840901875_8561842189863807489_n-2/'><img width="150" height="150" src="https://www.reabilitar.org.br/ceir/wp-content/uploads/2016/03/13892392_1024664840901875_8561842189863807489_n-1-150x150.jpg" class="attachment-thumbnail size-thumbnail" alt="" loading="lazy" /></a>
			</dt></dl><dl class='gallery-item'>
			<dt class='gallery-icon landscape'>
				<a href='https://www.reabilitar.org.br/ceir/atendimento-multiprofissional/13903442_1024661374235555_7020833484118157263_n/'><img width="150" height="150" src="https://www.reabilitar.org.br/ceir/wp-content/uploads/2016/03/13903442_1024661374235555_7020833484118157263_n-150x150.jpg" class="attachment-thumbnail size-thumbnail" alt="" loading="lazy" /></a>
			</dt></dl><dl class='gallery-item'>
			<dt class='gallery-icon landscape'>
				<a href='https://www.reabilitar.org.br/ceir/atendimento-multiprofissional/musicoterapia-2/'><img width="150" height="150" src="https://www.reabilitar.org.br/ceir/wp-content/uploads/2016/03/Musicoterapia-1-150x150.jpg" class="attachment-thumbnail size-thumbnail" alt="" loading="lazy" /></a>
			</dt></dl><dl class='gallery-item'>
			<dt class='gallery-icon landscape'>
				<a href='https://www.reabilitar.org.br/ceir/atendimento-multiprofissional/pedagogia-2/'><img width="150" height="150" src="https://www.reabilitar.org.br/ceir/wp-content/uploads/2016/03/Pedagogia-1-150x150.jpg" class="attachment-thumbnail size-thumbnail" alt="" loading="lazy" /></a>
			</dt></dl><br style="clear: both" />
		</div>

<hr />
<p style="text-align: justify;">A cada dia, nossos colaboradores se dedicam a dar qualidade de vida a quem nunca pensou que poderia dar um passo sozinho, muito menos ter uma vida independente.</p>
<p style="text-align: justify;">Em nosso Centro, pessoas com deficiência contam com atendimentos especializados em várias áreas de habilitação, reabilitação e readaptação.</p>
<p style="text-align: justify;">Com uma equipe multidisciplinar, nosso programa de reabilitação conta com um atendimento multiprofissional que inclui como terapias a fisioterapia, fonoaudiologia, serviço social, psicologia, pedagogia, arte-reabilitação, musicoterapia, terapia ocupacional e hidroterapia.</p>
<p style="text-align: justify;">Nossos espaços contam com uma estrutura e equipamentos modernos, com consultórios e salas de terapias, três piscinas, uma quadra poliesportiva e um auditório.</p>
<hr />
<p style="text-align: center;"><span style="color: #0000ff;"><b>Para mais informações e esclarecimentos:</b></span></p>
<p style="text-align: center;"><span style="color: #0000ff;"><b>(86) 3198-1500 ou <b>ceir@ceir.org.br</b></b></span></p>
<hr />
<p style="text-align: center;">Estamos localizados na Avenida Higino Cunha, Nº 1515, no Bairro Ilhotas, em Teresina – Piauí.</p>
<hr />
<h6></h6>
<hr />
<p>&nbsp;</p>

<p>Trabalhamos para fazer a diferença na vida de milhares de pessoas com deficiência e tornar realidade o que muitos certamente duvidaram ser possível um dia. A cada dia, nossos colaboradores se dedicam a dar qualidade de vida a quem nunca pensou que poderia dar um passo sozinho, muito menos ter uma vida independente. Em nosso [&hellip;]</p>
