{"id":36,"date":"2016-01-13T02:41:43","date_gmt":"2016-01-13T02:41:43","guid":{"rendered":"https:\/\/www.reabilitar.org.br\/ceir\/?page_id=36"},"modified":"2017-02-19T17:15:29","modified_gmt":"2017-02-19T20:15:29","slug":"fale-conosco","status":"publish","type":"page","link":"https:\/\/www.reabilitar.org.br\/ceir\/fale-conosco\/","title":{"rendered":""},"content":{"rendered":"<hr \/>\n<p style=\"text-align: center;\"><em>Ser\u00e1 um prazer conversar com voc\u00ea!\u00a0?<\/em><\/p>\n<hr \/>\n<p>&nbsp;<\/p>\n<p>[contact-form-7 id=&#8221;3811&#8243; title=&#8221;Formul\u00e1rio de contato 1_copy&#8221;]<\/p>\n<hr \/>\n<p style=\"text-align: center;\"><span style=\"color: #0000ff;\"><b>Para mais informa\u00e7\u00f5es e esclarecimentos:<\/b><\/span><\/p>\n<p style=\"text-align: center;\"><span style=\"color: #0000ff;\"><b>(86) 3198-1500 ou <b>ceir@ceir.org.br<\/b><\/b><\/span><\/p>\n<hr \/>\n<p style=\"text-align: center;\">Estamos localizados na Avenida Higino Cunha, N\u00ba 1515, no Bairro Ilhotas, em Teresina \u2013 Piau\u00ed.<\/p>\n<hr \/>\n<h6><span style=\"color: #808080;\">\u00a0Texto: Cl\u00e1udia Alves\u00a0\u2013 Comunica\u00e7\u00e3o\u00a0Ceir<\/span><\/h6>\n<hr \/>\n<p>&nbsp;<\/p>\n","protected":false},"excerpt":{"rendered":"<p>Ser\u00e1 um prazer conversar com voc\u00ea!\u00a0? &nbsp; [contact-form-7 id=&#8221;3811&#8243; title=&#8221;Formul\u00e1rio de contato 1_copy&#8221;] Para mais informa\u00e7\u00f5es e esclarecimentos: (86) 3198-1500 ou ceir@ceir.org.br Estamos localizados na Avenida Higino Cunha, N\u00ba 1515, no Bairro Ilhotas, em Teresina \u2013 Piau\u00ed. \u00a0Texto: Cl\u00e1udia Alves\u00a0\u2013 Comunica\u00e7\u00e3o\u00a0Ceir &nbsp;<\/p>\n","protected":false},"author":1,"featured_media":0,"parent":0,"menu_order":0,"comment_status":"closed","ping_status":"closed","template":"","meta":[],"acf":[],"_links":{"self":[{"href":"https:\/\/www.reabilitar.org.br\/ceir\/wp-json\/wp\/v2\/pages\/36"}],"collection":[{"href":"https:\/\/www.reabilitar.org.br\/ceir\/wp-json\/wp\/v2\/pages"}],"about":[{"href":"https:\/\/www.reabilitar.org.br\/ceir\/wp-json\/wp\/v2\/types\/page"}],"author":[{"embeddable":true,"href":"https:\/\/www.reabilitar.org.br\/ceir\/wp-json\/wp\/v2\/users\/1"}],"replies":[{"embeddable":true,"href":"https:\/\/www.reabilitar.org.br\/ceir\/wp-json\/wp\/v2\/comments?post=36"}],"version-history":[{"count":9,"href":"https:\/\/www.reabilitar.org.br\/ceir\/wp-json\/wp\/v2\/pages\/36\/revisions"}],"predecessor-version":[{"id":3813,"href":"https:\/\/www.reabilitar.org.br\/ceir\/wp-json\/wp\/v2\/pages\/36\/revisions\/3813"}],"wp:attachment":[{"href":"https:\/\/www.reabilitar.org.br\/ceir\/wp-json\/wp\/v2\/media?parent=36"}],"curies":[{"name":"wp","href":"https:\/\/api.w.org\/{rel}","templated":true}]}}

<hr />
<p style="text-align: center;"><em>Será um prazer conversar com você! ?</em></p>
<hr />
<p>&nbsp;</p>
<p>[contact-form-7 id=&#8221;3811&#8243; title=&#8221;Formulário de contato 1_copy&#8221;]</p>
<hr />
<p style="text-align: center;"><span style="color: #0000ff;"><b>Para mais informações e esclarecimentos:</b></span></p>
<p style="text-align: center;"><span style="color: #0000ff;"><b>(86) 3198-1500 ou <b>ceir@ceir.org.br</b></b></span></p>
<hr />
<p style="text-align: center;">Estamos localizados na Avenida Higino Cunha, Nº 1515, no Bairro Ilhotas, em Teresina – Piauí.</p>
<hr />
<h6><span style="color: #808080;"> Texto: Cláudia Alves – Comunicação Ceir</span></h6>
<hr />
<p>&nbsp;</p>

<p>Será um prazer conversar com você! ? &nbsp; [contact-form-7 id=&#8221;3811&#8243; title=&#8221;Formulário de contato 1_copy&#8221;] Para mais informações e esclarecimentos: (86) 3198-1500 ou ceir@ceir.org.br Estamos localizados na Avenida Higino Cunha, Nº 1515, no Bairro Ilhotas, em Teresina – Piauí.  Texto: Cláudia Alves – Comunicação Ceir &nbsp;</p>
