{"id":3792,"date":"2017-02-19T16:37:11","date_gmt":"2017-02-19T19:37:11","guid":{"rendered":"https:\/\/www.reabilitar.org.br\/ceir\/?page_id=3792"},"modified":"2017-11-28T14:58:19","modified_gmt":"2017-11-28T17:58:19","slug":"pesquisas","status":"publish","type":"page","link":"https:\/\/www.reabilitar.org.br\/ceir\/pesquisas\/","title":{"rendered":""},"content":{"rendered":"<p style=\"text-align: justify;\"><em><img loading=\"lazy\" class=\"size-medium wp-image-1910 alignright\" src=\"https:\/\/www.reabilitar.org.br\/ceir\/wp-content\/uploads\/2016\/08\/icones_estudo_pesquisa-300x193.jpg\" alt=\"icones_estudo_pesquisa\" width=\"300\" height=\"193\" srcset=\"https:\/\/www.reabilitar.org.br\/ceir\/wp-content\/uploads\/2016\/08\/icones_estudo_pesquisa-300x193.jpg 300w, https:\/\/www.reabilitar.org.br\/ceir\/wp-content\/uploads\/2016\/08\/icones_estudo_pesquisa.jpg 488w\" sizes=\"(max-width: 300px) 100vw, 300px\" \/><\/em><\/p>\n<hr \/>\n<p style=\"text-align: justify;\"><span style=\"color: #008000;\"><strong>Saiba como realizar a sua pesquisa em nosso Centro!\u00a0?<\/strong><\/span><\/p>\n<hr \/>\n<p style=\"text-align: justify;\"><strong>1\u00b0 &#8211;<\/strong> Entregue of\u00edcio e c\u00f3pia do projeto de pesquisa, com instrumentos de coleta de dados em anexo, em nosso Centro de Estudos, onde ser\u00e1 protocolado para an\u00e1lise com prazo de 30 dias para o retorno do parecer.<\/p>\n<hr \/>\n<p style=\"text-align: justify;\"><strong>2\u00b0 &#8211;<\/strong> O projeto de pesquisa ser\u00e1 analisado para deferimento\/indeferimento;<\/p>\n<hr \/>\n<p style=\"text-align: justify;\"><strong>3\u00b0 &#8211;<\/strong> O Centro de Estudos dar\u00e1 retorno ao solicitante dentro do prazo estabelecido, com a ressalva de que a coleta de dados s\u00f3 poder\u00e1 ser iniciada mediante aprova\u00e7\u00e3o do Comit\u00ea de \u00c9tica em Pesquisa;<\/p>\n<hr \/>\n<p style=\"text-align: justify;\"><strong>4\u00b0 &#8211;<\/strong> Aprovado por Comit\u00ea de \u00c9tica em Pesquisa, o solicitante deve entregar uma c\u00f3pia da aprova\u00e7\u00e3o;<\/p>\n<hr \/>\n<p style=\"text-align: justify;\"><strong>5\u00b0 &#8211;<\/strong>\u00a0O trabalho final deve ser entregue impresso e em PDF, via e-mail, e, por fim,\u00a0apresentado\u00a0\u00e0 equipe do nosso Centro,\u00a0em formato de palestra, com dura\u00e7\u00e3o de 40 minutos.<\/p>\n<hr \/>\n<p style=\"text-align: right;\"><strong><span style=\"color: #ff0000;\">+ <a style=\"color: #ff0000;\" href=\"https:\/\/www.reabilitar.org.br\/ceir\/trabalhos-cientificos\/\" target=\"_blank\">Trabalhos Cient\u00edficos\u00a0<\/a><\/span><\/strong><\/p>\n<hr \/>\n<p style=\"text-align: center;\"><span style=\"color: #0000ff;\"><b>Para mais informa\u00e7\u00f5es e esclarecimentos:<\/b><\/span><\/p>\n<p style=\"text-align: center;\"><span style=\"color: #0000ff;\"><b>(86) 3198-1500 ou centrodeestudos<b>@ceir.org.br<\/b><\/b><\/span><\/p>\n<hr \/>\n<p style=\"text-align: center;\">Estamos localizados na Avenida Higino Cunha, N\u00ba 1515, no Bairro Ilhotas, em Teresina \u2013 Piau\u00ed.<\/p>\n<hr \/>\n<h6><span style=\"color: #808080;\">\u00a0Texto: Cl\u00e1udia Alves\u00a0\u2013 Comunica\u00e7\u00e3o\u00a0Ceir<\/span><\/h6>\n<hr \/>\n","protected":false},"excerpt":{"rendered":"<p>Saiba como realizar a sua pesquisa em nosso Centro!\u00a0? 1\u00b0 &#8211; Entregue of\u00edcio e c\u00f3pia do projeto de pesquisa, com instrumentos de coleta de dados em anexo, em nosso Centro de Estudos, onde ser\u00e1 protocolado para an\u00e1lise com prazo de 30 dias para o retorno do parecer. 2\u00b0 &#8211; O projeto de pesquisa ser\u00e1 analisado [&hellip;]<\/p>\n","protected":false},"author":2,"featured_media":0,"parent":0,"menu_order":0,"comment_status":"closed","ping_status":"closed","template":"","meta":[],"acf":[],"_links":{"self":[{"href":"https:\/\/www.reabilitar.org.br\/ceir\/wp-json\/wp\/v2\/pages\/3792"}],"collection":[{"href":"https:\/\/www.reabilitar.org.br\/ceir\/wp-json\/wp\/v2\/pages"}],"about":[{"href":"https:\/\/www.reabilitar.org.br\/ceir\/wp-json\/wp\/v2\/types\/page"}],"author":[{"embeddable":true,"href":"https:\/\/www.reabilitar.org.br\/ceir\/wp-json\/wp\/v2\/users\/2"}],"replies":[{"embeddable":true,"href":"https:\/\/www.reabilitar.org.br\/ceir\/wp-json\/wp\/v2\/comments?post=3792"}],"version-history":[{"count":14,"href":"https:\/\/www.reabilitar.org.br\/ceir\/wp-json\/wp\/v2\/pages\/3792\/revisions"}],"predecessor-version":[{"id":7746,"href":"https:\/\/www.reabilitar.org.br\/ceir\/wp-json\/wp\/v2\/pages\/3792\/revisions\/7746"}],"wp:attachment":[{"href":"https:\/\/www.reabilitar.org.br\/ceir\/wp-json\/wp\/v2\/media?parent=3792"}],"curies":[{"name":"wp","href":"https:\/\/api.w.org\/{rel}","templated":true}]}}

<p style="text-align: justify;"><em><img loading="lazy" class="size-medium wp-image-1910 alignright" src="https://www.reabilitar.org.br/ceir/wp-content/uploads/2016/08/icones_estudo_pesquisa-300x193.jpg" alt="icones_estudo_pesquisa" width="300" height="193" srcset="https://www.reabilitar.org.br/ceir/wp-content/uploads/2016/08/icones_estudo_pesquisa-300x193.jpg 300w, https://www.reabilitar.org.br/ceir/wp-content/uploads/2016/08/icones_estudo_pesquisa.jpg 488w" sizes="(max-width: 300px) 100vw, 300px" /></em></p>
<hr />
<p style="text-align: justify;"><span style="color: #008000;"><strong>Saiba como realizar a sua pesquisa em nosso Centro! ?</strong></span></p>
<hr />
<p style="text-align: justify;"><strong>1° &#8211;</strong> Entregue ofício e cópia do projeto de pesquisa, com instrumentos de coleta de dados em anexo, em nosso Centro de Estudos, onde será protocolado para análise com prazo de 30 dias para o retorno do parecer.</p>
<hr />
<p style="text-align: justify;"><strong>2° &#8211;</strong> O projeto de pesquisa será analisado para deferimento/indeferimento;</p>
<hr />
<p style="text-align: justify;"><strong>3° &#8211;</strong> O Centro de Estudos dará retorno ao solicitante dentro do prazo estabelecido, com a ressalva de que a coleta de dados só poderá ser iniciada mediante aprovação do Comitê de Ética em Pesquisa;</p>
<hr />
<p style="text-align: justify;"><strong>4° &#8211;</strong> Aprovado por Comitê de Ética em Pesquisa, o solicitante deve entregar uma cópia da aprovação;</p>
<hr />
<p style="text-align: justify;"><strong>5° &#8211;</strong> O trabalho final deve ser entregue impresso e em PDF, via e-mail, e, por fim, apresentado à equipe do nosso Centro, em formato de palestra, com duração de 40 minutos.</p>
<hr />
<p style="text-align: right;"><strong><span style="color: #ff0000;">+ <a style="color: #ff0000;" href="https://www.reabilitar.org.br/ceir/trabalhos-cientificos/" target="_blank">Trabalhos Científicos </a></span></strong></p>
<hr />
<p style="text-align: center;"><span style="color: #0000ff;"><b>Para mais informações e esclarecimentos:</b></span></p>
<p style="text-align: center;"><span style="color: #0000ff;"><b>(86) 3198-1500 ou centrodeestudos<b>@ceir.org.br</b></b></span></p>
<hr />
<p style="text-align: center;">Estamos localizados na Avenida Higino Cunha, Nº 1515, no Bairro Ilhotas, em Teresina – Piauí.</p>
<hr />
<h6><span style="color: #808080;"> Texto: Cláudia Alves – Comunicação Ceir</span></h6>
<hr />

<p>Saiba como realizar a sua pesquisa em nosso Centro! ? 1° &#8211; Entregue ofício e cópia do projeto de pesquisa, com instrumentos de coleta de dados em anexo, em nosso Centro de Estudos, onde será protocolado para análise com prazo de 30 dias para o retorno do parecer. 2° &#8211; O projeto de pesquisa será analisado [&hellip;]</p>
