{"id":807,"date":"2016-05-24T15:39:21","date_gmt":"2016-05-24T15:39:21","guid":{"rendered":"https:\/\/www.reabilitar.org.br\/ceir\/?page_id=807"},"modified":"2022-10-05T10:55:24","modified_gmt":"2022-10-05T13:55:24","slug":"relatorios-de-gestao","status":"publish","type":"page","link":"https:\/\/www.reabilitar.org.br\/ceir\/relatorios-de-gestao\/","title":{"rendered":"Relat\u00f3rios de Gest\u00e3o"},"content":{"rendered":"<p>&nbsp;<\/p>\n<p><strong>Confira os relat\u00f3rios de atividades\u00a0do Centro Integrado de Reabilita\u00e7\u00e3o (Ceir):<\/strong><\/p>\n<p>&nbsp;<\/p>\n<p><span style=\"color: #0000ff;\"><a style=\"color: #0000ff;\" href=\"https:\/\/www.reabilitar.org.br\/ceir\/wp-content\/uploads\/2016\/11\/Relat\u00f3rio-Avalia\u00e7\u00e3o-dos-Resultados-2008-2009.pdf\" target=\"_blank\" rel=\"noopener\">2008-2009<\/a><\/span>\u00a0I \u00a0<span style=\"color: #0000ff;\"><a style=\"color: #0000ff;\" href=\"https:\/\/www.reabilitar.org.br\/ceir\/wp-content\/uploads\/2016\/11\/Relat\u00f3rio-Avalia\u00e7\u00e3o-dos-Resultados-2010.pdf\" target=\"_blank\" rel=\"noopener\">2010<\/a><\/span> \u00a0I \u00a0<span style=\"color: #0000ff;\"><a style=\"color: #0000ff;\" href=\"https:\/\/www.reabilitar.org.br\/ceir\/wp-content\/uploads\/2016\/11\/Relat\u00f3rio-Avalia\u00e7\u00e3o-dos-Resultados-2011.pdf\" target=\"_blank\" rel=\"noopener\">2011<\/a><\/span> \u00a0I \u00a0<span style=\"color: #0000ff;\"><a style=\"color: #0000ff;\" href=\"https:\/\/www.reabilitar.org.br\/ceir\/wp-content\/uploads\/2016\/11\/Relat\u00f3rio-Avalia\u00e7\u00e3o-dos-Resultados-2012.pdf\" target=\"_blank\" rel=\"noopener\">2012<\/a><\/span> \u00a0I \u00a0<span style=\"color: #0000ff;\"><a style=\"color: #0000ff;\" href=\"https:\/\/www.reabilitar.org.br\/ceir\/wp-content\/uploads\/2016\/11\/Relat\u00f3rio-Avalia\u00e7\u00e3o-dos-Resultados-2013.pdf\" target=\"_blank\" rel=\"noopener\">2013<\/a><\/span>\u00a0\u00a0I \u00a0<span style=\"color: #0000ff;\"><a style=\"color: #0000ff;\" href=\"https:\/\/www.reabilitar.org.br\/ceir\/wp-content\/uploads\/2016\/11\/Relat\u00f3rio-Avalia\u00e7\u00e3o-dos-Resultados-2014.pdf\" target=\"_blank\" rel=\"noopener\">2014<\/a>\u00a0<\/span>I<span style=\"color: #0000ff;\"> <a style=\"color: #0000ff;\" href=\"https:\/\/www.reabilitar.org.br\/ceir\/wp-content\/uploads\/2016\/05\/Relat\u00f3rio-Avalia\u00e7\u00e3o-dos-Resultados-2015-1.pdf\" target=\"_blank\" rel=\"noopener\">2015<\/a>\u00a0\u00a0<span style=\"color: #000000;\">I\u00a0 <span style=\"color: #0000ff;\"><a style=\"color: #0000ff;\" href=\"https:\/\/www.reabilitar.org.br\/ceir\/wp-content\/uploads\/2017\/12\/Relat\u00f3rio-de-Gest\u00e3o-2016.pdf\" target=\"_blank\" rel=\"noopener\">2016<\/a>\u00a0<\/span><\/span><\/span>I<span style=\"color: #0000ff;\"><span style=\"color: #000000;\"><span style=\"color: #0000ff;\"> <a href=\"https:\/\/www.reabilitar.org.br\/ceir\/wp-content\/uploads\/2018\/09\/Relatorio_2017-3_RGB-1.pdf\"><span style=\"color: #0000ff;\">2017<\/span><\/a><\/span><\/span><\/span><\/p>\n","protected":false},"excerpt":{"rendered":"<p>&nbsp; Confira os relat\u00f3rios de atividades\u00a0do Centro Integrado de Reabilita\u00e7\u00e3o (Ceir): &nbsp; 2008-2009\u00a0I \u00a02010 \u00a0I \u00a02011 \u00a0I \u00a02012 \u00a0I \u00a02013\u00a0\u00a0I \u00a02014\u00a0I 2015\u00a0\u00a0I\u00a0 2016\u00a0I 2017<\/p>\n","protected":false},"author":2,"featured_media":0,"parent":0,"menu_order":0,"comment_status":"closed","ping_status":"closed","template":"","meta":[],"acf":[],"_links":{"self":[{"href":"https:\/\/www.reabilitar.org.br\/ceir\/wp-json\/wp\/v2\/pages\/807"}],"collection":[{"href":"https:\/\/www.reabilitar.org.br\/ceir\/wp-json\/wp\/v2\/pages"}],"about":[{"href":"https:\/\/www.reabilitar.org.br\/ceir\/wp-json\/wp\/v2\/types\/page"}],"author":[{"embeddable":true,"href":"https:\/\/www.reabilitar.org.br\/ceir\/wp-json\/wp\/v2\/users\/2"}],"replies":[{"embeddable":true,"href":"https:\/\/www.reabilitar.org.br\/ceir\/wp-json\/wp\/v2\/comments?post=807"}],"version-history":[{"count":14,"href":"https:\/\/www.reabilitar.org.br\/ceir\/wp-json\/wp\/v2\/pages\/807\/revisions"}],"predecessor-version":[{"id":13068,"href":"https:\/\/www.reabilitar.org.br\/ceir\/wp-json\/wp\/v2\/pages\/807\/revisions\/13068"}],"wp:attachment":[{"href":"https:\/\/www.reabilitar.org.br\/ceir\/wp-json\/wp\/v2\/media?parent=807"}],"curies":[{"name":"wp","href":"https:\/\/api.w.org\/{rel}","templated":true}]}}

Relatórios de Gestão

<p>&nbsp;</p>
<p><strong>Confira os relatórios de atividades do Centro Integrado de Reabilitação (Ceir):</strong></p>
<p>&nbsp;</p>
<p><span style="color: #0000ff;"><a style="color: #0000ff;" href="https://www.reabilitar.org.br/ceir/wp-content/uploads/2016/11/Relatório-Avaliação-dos-Resultados-2008-2009.pdf" target="_blank" rel="noopener">2008-2009</a></span> I  <span style="color: #0000ff;"><a style="color: #0000ff;" href="https://www.reabilitar.org.br/ceir/wp-content/uploads/2016/11/Relatório-Avaliação-dos-Resultados-2010.pdf" target="_blank" rel="noopener">2010</a></span>  I  <span style="color: #0000ff;"><a style="color: #0000ff;" href="https://www.reabilitar.org.br/ceir/wp-content/uploads/2016/11/Relatório-Avaliação-dos-Resultados-2011.pdf" target="_blank" rel="noopener">2011</a></span>  I  <span style="color: #0000ff;"><a style="color: #0000ff;" href="https://www.reabilitar.org.br/ceir/wp-content/uploads/2016/11/Relatório-Avaliação-dos-Resultados-2012.pdf" target="_blank" rel="noopener">2012</a></span>  I  <span style="color: #0000ff;"><a style="color: #0000ff;" href="https://www.reabilitar.org.br/ceir/wp-content/uploads/2016/11/Relatório-Avaliação-dos-Resultados-2013.pdf" target="_blank" rel="noopener">2013</a></span>  I  <span style="color: #0000ff;"><a style="color: #0000ff;" href="https://www.reabilitar.org.br/ceir/wp-content/uploads/2016/11/Relatório-Avaliação-dos-Resultados-2014.pdf" target="_blank" rel="noopener">2014</a> </span>I<span style="color: #0000ff;"> <a style="color: #0000ff;" href="https://www.reabilitar.org.br/ceir/wp-content/uploads/2016/05/Relatório-Avaliação-dos-Resultados-2015-1.pdf" target="_blank" rel="noopener">2015</a>  <span style="color: #000000;">I  <span style="color: #0000ff;"><a style="color: #0000ff;" href="https://www.reabilitar.org.br/ceir/wp-content/uploads/2017/12/Relatório-de-Gestão-2016.pdf" target="_blank" rel="noopener">2016</a> </span></span></span>I<span style="color: #0000ff;"><span style="color: #000000;"><span style="color: #0000ff;"> <a href="https://www.reabilitar.org.br/ceir/wp-content/uploads/2018/09/Relatorio_2017-3_RGB-1.pdf"><span style="color: #0000ff;">2017</span></a></span></span></span></p>

<p>&nbsp; Confira os relatórios de atividades do Centro Integrado de Reabilitação (Ceir): &nbsp; 2008-2009 I  2010  I  2011  I  2012  I  2013  I  2014 I 2015  I  2016 I 2017</p>
